{"id":13425,"date":"2021-10-25T19:54:33","date_gmt":"2021-10-25T19:54:33","guid":{"rendered":"http:\/\/oradiga.pt\/?page_id=13425"},"modified":"2021-10-25T20:28:23","modified_gmt":"2021-10-25T20:28:23","slug":"reservas","status":"publish","type":"page","link":"https:\/\/oradiga.pt\/?page_id=13425","title":{"rendered":"Reservas"},"content":{"rendered":"<p>[vc_row][vc_column]<span class=\"et-gap et-clearfix \" style=\"height:35px\">&nbsp;<\/span><div class=\"sep-wrap center  et-clearfix\"><div class=\"et-separator-decorative large icon-sep-sep10\" style=\"color:#ddb675;margin-top:24px;margin-bottom:24px;\"><\/div><\/div>[vc_column_text]<\/p>\n<h4 style=\"text-align: center;\">Junte-se a n\u00f3s para uma experi\u00eancia gastron\u00f3mica memor\u00e1vel. Uma experi\u00eancia que celebra a diversidade dos nossos maravilhosos pratos regionais preparados com amor e dedica\u00e7\u00e3o.<\/h4>\n<p>[\/vc_column_text]<span class=\"et-gap et-clearfix \" style=\"height:32px\">&nbsp;<\/span>[\/vc_column][\/vc_row][vc_row][vc_column width=&#8221;1\/2&#8243;][vc_column_text]<\/p>\n<h4>Reserva por telefone<\/h4>\n<p>[\/vc_column_text][vc_column_text]Aceitamos reservas para almo\u00e7o e jantar. Para fazer uma reserva, ligue para 253 503 403 das 11h \u00e0s 20h, de segunda a domingo.<\/p>\n<p class=\"is-style-lead\">Para grupos maiores e eventos privados, entre tamb\u00e9m em contato diretamente com o restaurante, pois podemos ajud\u00e1-lo.<\/p>\n<p>Estamos ansiosos para receb\u00ea-lo em breve.<\/p>\n<p>[\/vc_column_text]<div class=\"et-image-content overlay-fade\"><div class=\"overlay-hover\"><div class=\"image post-image\"><div class=\"image-container\"><img loading=\"lazy\" decoding=\"async\" width=\"1500\" height=\"1500\" src=\"https:\/\/oradiga.pt\/wp-content\/uploads\/2021\/10\/PTEI7369-1.jpg\" alt=\"\"><\/div><div class=\"post-image-overlay\" style=\"\"><div class=\"post-image-overlay-content text-align-left\"><span class=\"et-gap et-clearfix \" style=\"height:40px\">&nbsp;<\/span>[vc_custom_heading text=&#8221;Take-away&#8221; font_container=&#8221;tag:h1|text_align:center|color:%23ddb673&#8243; google_fonts=&#8221;font_family:Kaushan%20Script%3Aregular|font_style:400%20regular%3A400%3Anormal&#8221;][vc_custom_heading text=&#8221;O sabor de sempre, tamb\u00e9m em sua casa&#8221; font_container=&#8221;tag:h5|text_align:center|color:%23ffffff&#8221; google_fonts=&#8221;font_family:Kavoon%3Aregular|font_style:400%20regular%3A400%3Anormal&#8221;][vc_custom_heading text=&#8221;Pode encomendar o seu prato preferido e apreci\u00e1-lo no conforto do seu lar.<br \/>\nContacte-nos por 253 503 403 e fa\u00e7a o seu pedido!&#8221; font_container=&#8221;tag:h5|text_align:center|color:%23ffffff&#8221; google_fonts=&#8221;font_family:Amaranth%3Aregular%2Citalic%2C700%2C700italic|font_style:400%20regular%3A400%3Anormal&#8221;]<\/div><\/div><\/div><\/div><\/div>[\/vc_column][vc_column width=&#8221;1\/2&#8243;][vc_column_text]<\/p>\n<h4>Reserve por aqui<\/h4>\n<p>[\/vc_column_text][vc_column_text]Aderimos \u00e1 reservas online. Reservar uma mesa \u00e9 f\u00e1cil e leva apenas alguns minutos. Basta selecionar o dia e hor\u00e1rio pretendido e a quantidade de pessoas. De seguida, iremos inform\u00e1-lo se est\u00e1 dispon\u00edvel para que conclua a sua reserva.[\/vc_column_text]\n<div class=\"wpcf7 no-js\" id=\"wpcf7-f13372-o1\" lang=\"pt-PT\" dir=\"ltr\" data-wpcf7-id=\"13372\">\n<div class=\"screen-reader-response\"><p role=\"status\" aria-live=\"polite\" aria-atomic=\"true\"><\/p> <ul><\/ul><\/div>\n<form action=\"\/index.php?rest_route=%2Fwp%2Fv2%2Fpages%2F13425#wpcf7-f13372-o1\" method=\"post\" class=\"wpcf7-form init\" aria-label=\"Formul\u00e1rio de contacto\" novalidate=\"novalidate\" data-status=\"init\">\n<fieldset class=\"hidden-fields-container\"><input type=\"hidden\" name=\"_wpcf7\" value=\"13372\" \/><input type=\"hidden\" name=\"_wpcf7_version\" value=\"6.1.5\" \/><input type=\"hidden\" name=\"_wpcf7_locale\" value=\"pt_PT\" \/><input type=\"hidden\" name=\"_wpcf7_unit_tag\" value=\"wpcf7-f13372-o1\" \/><input type=\"hidden\" name=\"_wpcf7_container_post\" value=\"0\" \/><input type=\"hidden\" name=\"_wpcf7_posted_data_hash\" value=\"\" \/>\n<\/fieldset>\n<p><label> Nome<br \/>\n<span class=\"wpcf7-form-control-wrap\" data-name=\"your-name\"><input size=\"40\" maxlength=\"400\" class=\"wpcf7-form-control wpcf7-text wpcf7-validates-as-required\" aria-required=\"true\" aria-invalid=\"false\" value=\"\" type=\"text\" name=\"your-name\" \/><\/span> <\/label>\n<\/p>\n<p><label> Email<br \/>\n<span class=\"wpcf7-form-control-wrap\" data-name=\"your-email\"><input size=\"40\" maxlength=\"400\" class=\"wpcf7-form-control wpcf7-email wpcf7-validates-as-required wpcf7-text wpcf7-validates-as-email\" aria-required=\"true\" aria-invalid=\"false\" value=\"\" type=\"email\" name=\"your-email\" \/><\/span> <\/label>\n<\/p>\n<p><label> Telefone<br \/>\n<span class=\"wpcf7-form-control-wrap\" data-name=\"Telefone\"><input size=\"40\" maxlength=\"400\" class=\"wpcf7-form-control wpcf7-tel wpcf7-validates-as-required wpcf7-text wpcf7-validates-as-tel\" aria-required=\"true\" aria-invalid=\"false\" value=\"\" type=\"tel\" name=\"Telefone\" \/><\/span> <\/label>\n<\/p>\n<p><label> Assunto<br \/>\n<span class=\"wpcf7-form-control-wrap\" data-name=\"Assunto\"><input size=\"40\" maxlength=\"400\" class=\"wpcf7-form-control wpcf7-text\" aria-invalid=\"false\" value=\"Reserva\" type=\"text\" name=\"Assunto\" \/><\/span> <\/label>\n<\/p>\n<p><label> Data reserva<br \/>\n<span class=\"wpcf7-form-control-wrap\" data-name=\"Datareserva\"><input class=\"wpcf7-form-control wpcf7-date wpcf7-validates-as-required wpcf7-validates-as-date\" aria-required=\"true\" aria-invalid=\"false\" value=\"\" type=\"date\" name=\"Datareserva\" \/><\/span> <\/label>\n<\/p>\n<p><label> Hor\u00e1rio<br \/>\n<span class=\"wpcf7-form-control-wrap\" data-name=\"Horrio\"><span class=\"wpcf7-form-control wpcf7-checkbox wpcf7-validates-as-required\"><span class=\"wpcf7-list-item first\"><label><input type=\"checkbox\" name=\"Horrio[]\" value=\"almo\u00e7o\" \/><span class=\"wpcf7-list-item-label\">almo\u00e7o<\/span><\/label><\/span><span class=\"wpcf7-list-item last\"><label><input type=\"checkbox\" name=\"Horrio[]\" value=\"jantar\" \/><span class=\"wpcf7-list-item-label\">jantar<\/span><\/label><\/span><\/span><\/span> <\/label>\n<\/p>\n<p><label> Mensagem (opcional)<br \/>\n<span class=\"wpcf7-form-control-wrap\" data-name=\"your-message\"><textarea cols=\"40\" rows=\"10\" maxlength=\"2000\" class=\"wpcf7-form-control wpcf7-textarea\" aria-invalid=\"false\" name=\"your-message\"><\/textarea><\/span> <\/label>\n<\/p>\n<p><input class=\"wpcf7-form-control wpcf7-submit has-spinner\" type=\"submit\" value=\"Solicitar\" \/>\n<\/p><div class=\"wpcf7-response-output\" aria-hidden=\"true\"><\/div>\n<\/form>\n<\/div>\n[\/vc_column][\/vc_row]<\/p>\n","protected":false},"excerpt":{"rendered":"<p>[vc_row][vc_column][vc_column_text] Junte-se a n\u00f3s para uma experi\u00eancia gastron\u00f3mica memor\u00e1vel. Uma experi\u00eancia que celebra a diversidade dos nossos maravilhosos pratos regionais preparados com amor e dedica\u00e7\u00e3o. [\/vc_column_text][\/vc_column][\/vc_row][vc_row][vc_column width=&#8221;1\/2&#8243;][vc_column_text] Reserva por telefone [\/vc_column_text][vc_column_text]Aceitamos reservas para almo\u00e7o e jantar. Para fazer uma reserva, ligue para 253 503 403 das 11h \u00e0s 20h, de segunda a domingo. Para grupos [&hellip;]<\/p>\n","protected":false},"author":1,"featured_media":0,"parent":0,"menu_order":0,"comment_status":"closed","ping_status":"closed","template":"page-vc.php","meta":{"footnotes":""},"class_list":["post-13425","page","type-page","status-publish","hentry"],"_links":{"self":[{"href":"https:\/\/oradiga.pt\/index.php?rest_route=\/wp\/v2\/pages\/13425","targetHints":{"allow":["GET"]}}],"collection":[{"href":"https:\/\/oradiga.pt\/index.php?rest_route=\/wp\/v2\/pages"}],"about":[{"href":"https:\/\/oradiga.pt\/index.php?rest_route=\/wp\/v2\/types\/page"}],"author":[{"embeddable":true,"href":"https:\/\/oradiga.pt\/index.php?rest_route=\/wp\/v2\/users\/1"}],"replies":[{"embeddable":true,"href":"https:\/\/oradiga.pt\/index.php?rest_route=%2Fwp%2Fv2%2Fcomments&post=13425"}],"version-history":[{"count":19,"href":"https:\/\/oradiga.pt\/index.php?rest_route=\/wp\/v2\/pages\/13425\/revisions"}],"predecessor-version":[{"id":13445,"href":"https:\/\/oradiga.pt\/index.php?rest_route=\/wp\/v2\/pages\/13425\/revisions\/13445"}],"wp:attachment":[{"href":"https:\/\/oradiga.pt\/index.php?rest_route=%2Fwp%2Fv2%2Fmedia&parent=13425"}],"curies":[{"name":"wp","href":"https:\/\/api.w.org\/{rel}","templated":true}]}}